{"id":10,"date":"2025-01-02T14:33:22","date_gmt":"2025-01-02T17:33:22","guid":{"rendered":"http:\/\/apecicon-net-br.umbler.net\/?page_id=10"},"modified":"2025-03-12T08:50:48","modified_gmt":"2025-03-12T11:50:48","slug":"quem-somos","status":"publish","type":"page","link":"http:\/\/apecicon.net.br\/","title":{"rendered":"QUEM SOMOS"},"content":{"rendered":"\n<div id=\"wp-block-themeisle-blocks-slider-d9d9c9b1\" class=\"wp-block-themeisle-blocks-slider glide\" data-per-view=\"1\" data-gap=\"0\" data-peek=\"0\" data-autoplay=\"4000\" data-height=\"700px\" data-hide-arrows=\"false\"><div class=\"glide__track\" data-glide-el=\"track\"><div class=\"glide__slides\"><div class=\"wp-block-themeisle-blocks-slider-item-wrapper glide__slide\" tabindex=\"0\"><figure><img decoding=\"async\" class=\"wp-block-themeisle-blocks-slider-item\" src=\"http:\/\/apecicon.net.br\/wp-content\/uploads\/2025\/01\/Grupo-novo-2.png\" alt=\"\" title=\"\" data-id=\"550\"\/><\/figure><\/div><div class=\"wp-block-themeisle-blocks-slider-item-wrapper glide__slide\" tabindex=\"0\"><figure><img decoding=\"async\" class=\"wp-block-themeisle-blocks-slider-item\" src=\"http:\/\/apecicon.net.br\/wp-content\/uploads\/2025\/01\/Reuniao-APECICON-2018.jpg\" alt=\"\" title=\"\" data-id=\"690\"\/><\/figure><\/div><div class=\"wp-block-themeisle-blocks-slider-item-wrapper glide__slide\" tabindex=\"0\"><figure><img decoding=\"async\" class=\"wp-block-themeisle-blocks-slider-item\" src=\"http:\/\/apecicon.net.br\/wp-content\/uploads\/2025\/01\/Reuniao-APECICON-2019.jpg\" alt=\"\" title=\"\" data-id=\"691\"\/><\/figure><\/div><div class=\"wp-block-themeisle-blocks-slider-item-wrapper glide__slide\" tabindex=\"0\"><figure><img decoding=\"async\" class=\"wp-block-themeisle-blocks-slider-item\" src=\"http:\/\/apecicon.net.br\/wp-content\/uploads\/2025\/01\/Confraternizacao-2018.jpg\" alt=\"\" title=\"\" data-id=\"693\"\/><\/figure><\/div><div class=\"wp-block-themeisle-blocks-slider-item-wrapper glide__slide\" tabindex=\"0\"><figure><img decoding=\"async\" class=\"wp-block-themeisle-blocks-slider-item\" src=\"http:\/\/apecicon.net.br\/wp-content\/uploads\/2025\/01\/Confraternizacao-2019.jpg\" alt=\"\" title=\"\" data-id=\"694\"\/><\/figure><\/div><div class=\"wp-block-themeisle-blocks-slider-item-wrapper glide__slide\" tabindex=\"0\"><figure><img decoding=\"async\" class=\"wp-block-themeisle-blocks-slider-item\" src=\"http:\/\/apecicon.net.br\/wp-content\/uploads\/2025\/01\/Reuniao-26-10-23.png\" alt=\"\" title=\"\" data-id=\"695\"\/><\/figure><\/div><div class=\"wp-block-themeisle-blocks-slider-item-wrapper glide__slide\" tabindex=\"0\"><figure><img decoding=\"async\" class=\"wp-block-themeisle-blocks-slider-item\" src=\"http:\/\/apecicon.net.br\/wp-content\/uploads\/2025\/01\/Grupo-antigo-1-1.png\" alt=\"\" title=\"\" data-id=\"549\"\/><\/figure><\/div><div class=\"wp-block-themeisle-blocks-slider-item-wrapper glide__slide\" tabindex=\"0\"><figure><img decoding=\"async\" class=\"wp-block-themeisle-blocks-slider-item\" src=\"http:\/\/apecicon.net.br\/wp-content\/uploads\/2025\/01\/Reuniao-APECICON-23-11-22.png\" alt=\"\" title=\"\" data-id=\"696\"\/><\/figure><\/div><div class=\"wp-block-themeisle-blocks-slider-item-wrapper glide__slide\" tabindex=\"0\"><figure><img decoding=\"async\" class=\"wp-block-themeisle-blocks-slider-item\" src=\"http:\/\/apecicon.net.br\/wp-content\/uploads\/2025\/01\/Reuniao-Conjunta-Junho-23.png\" alt=\"\" title=\"\" data-id=\"697\"\/><\/figure><\/div><div class=\"wp-block-themeisle-blocks-slider-item-wrapper glide__slide\" tabindex=\"0\"><figure><img decoding=\"async\" class=\"wp-block-themeisle-blocks-slider-item\" src=\"http:\/\/apecicon.net.br\/wp-content\/uploads\/2025\/01\/Reuniao-Conjunta-Marco-23.png\" alt=\"\" title=\"\" data-id=\"698\"\/><\/figure><\/div><div class=\"wp-block-themeisle-blocks-slider-item-wrapper glide__slide\" tabindex=\"0\"><figure><img decoding=\"async\" class=\"wp-block-themeisle-blocks-slider-item\" src=\"http:\/\/apecicon.net.br\/wp-content\/uploads\/2025\/01\/Reuniao-Diretoria-Setembro-23.png\" alt=\"\" title=\"\" data-id=\"699\"\/><\/figure><\/div><div class=\"wp-block-themeisle-blocks-slider-item-wrapper glide__slide\" tabindex=\"0\"><figure><img decoding=\"async\" class=\"wp-block-themeisle-blocks-slider-item\" src=\"http:\/\/apecicon.net.br\/wp-content\/uploads\/2025\/01\/Reuniao-Diretoria-23-08-23.png\" alt=\"\" title=\"\" data-id=\"700\"\/><\/figure><\/div><div class=\"wp-block-themeisle-blocks-slider-item-wrapper glide__slide\" tabindex=\"0\"><figure><img decoding=\"async\" class=\"wp-block-themeisle-blocks-slider-item\" src=\"http:\/\/apecicon.net.br\/wp-content\/uploads\/2025\/03\/Grupo-antigo.jpg\" alt=\"\" title=\"\" data-id=\"900\"\/><\/figure><\/div><\/div><div class=\"glide__bullets\" data-glide-el=\"controls[nav]\"><button class=\"glide__bullet\" data-glide-dir=\"=0\"><\/button><button class=\"glide__bullet\" data-glide-dir=\"=1\"><\/button><button class=\"glide__bullet\" data-glide-dir=\"=2\"><\/button><button class=\"glide__bullet\" data-glide-dir=\"=3\"><\/button><button class=\"glide__bullet\" data-glide-dir=\"=4\"><\/button><button class=\"glide__bullet\" data-glide-dir=\"=5\"><\/button><button class=\"glide__bullet\" data-glide-dir=\"=6\"><\/button><button class=\"glide__bullet\" data-glide-dir=\"=7\"><\/button><button class=\"glide__bullet\" data-glide-dir=\"=8\"><\/button><button class=\"glide__bullet\" data-glide-dir=\"=9\"><\/button><button class=\"glide__bullet\" data-glide-dir=\"=10\"><\/button><button class=\"glide__bullet\" data-glide-dir=\"=11\"><\/button><button class=\"glide__bullet\" data-glide-dir=\"=12\"><\/button><\/div><\/div><\/div>\n\n\n\n<p class=\"is-style-text-annotation has-black-color has-text-color has-link-color has-medium-font-size wp-elements-6bd202f41eb5bc5fae401a43db153d0e\">A APECICON \u00e9 uma academia de profissionais da \u00e1rea cont\u00e1bil, entidade estadual, sob a forma de pessoa jur\u00eddica de direito privado, sem fins lucrativos, de prazo indeterminado, com sede e foro nesta capital do Estado de Pernambuco, cuja MISS\u00c3O \u00e9 desenvolver, incentivar, valorizar, promover, disseminar o conhecimento cont\u00e1bil, t\u00e9cnico e cient\u00edfico, atrav\u00e9s da iniciativa, engajamento e comprometimento dos profissionais e outras institui\u00e7\u00f5es representativas da classe cont\u00e1bil, de car\u00e1ter organizacional, filantr\u00f3pico, assistencial, promocional, recreativo e educacional, sem cunho pol\u00edtico ou partid\u00e1rio, para atender a todos que a ela se dirigirem, independente de classe social, nacionalidade, sexo, ra\u00e7a, cor ou cren\u00e7a religiosa.&nbsp;<\/p>\n","protected":false},"excerpt":{"rendered":"<p>A APECICON \u00e9 uma academia de profissionais da \u00e1rea cont\u00e1bil, entidade estadual, sob a forma de pessoa jur\u00eddica de direito privado, sem fins lucrativos, de prazo indeterminado, com sede e foro nesta capital do Estado de Pernambuco, cuja MISS\u00c3O \u00e9 desenvolver, incentivar, valorizar, promover, disseminar o conhecimento cont\u00e1bil, t\u00e9cnico e cient\u00edfico, atrav\u00e9s da iniciativa, engajamento&hellip;&nbsp;<a href=\"http:\/\/apecicon.net.br\/\" rel=\"bookmark\"><span class=\"screen-reader-text\">QUEM SOMOS<\/span><\/a><\/p>\n","protected":false},"author":1,"featured_media":0,"parent":0,"menu_order":0,"comment_status":"closed","ping_status":"closed","template":"","meta":{"neve_meta_sidebar":"","neve_meta_container":"","neve_meta_enable_content_width":"","neve_meta_content_width":0,"neve_meta_title_alignment":"","neve_meta_author_avatar":"","neve_post_elements_order":"","neve_meta_disable_header":"","neve_meta_disable_footer":"","neve_meta_disable_title":"","_themeisle_gutenberg_block_has_review":false,"footnotes":""},"class_list":["post-10","page","type-page","status-publish","hentry"],"_links":{"self":[{"href":"http:\/\/apecicon.net.br\/index.php?rest_route=\/wp\/v2\/pages\/10","targetHints":{"allow":["GET"]}}],"collection":[{"href":"http:\/\/apecicon.net.br\/index.php?rest_route=\/wp\/v2\/pages"}],"about":[{"href":"http:\/\/apecicon.net.br\/index.php?rest_route=\/wp\/v2\/types\/page"}],"author":[{"embeddable":true,"href":"http:\/\/apecicon.net.br\/index.php?rest_route=\/wp\/v2\/users\/1"}],"replies":[{"embeddable":true,"href":"http:\/\/apecicon.net.br\/index.php?rest_route=%2Fwp%2Fv2%2Fcomments&post=10"}],"version-history":[{"count":67,"href":"http:\/\/apecicon.net.br\/index.php?rest_route=\/wp\/v2\/pages\/10\/revisions"}],"predecessor-version":[{"id":902,"href":"http:\/\/apecicon.net.br\/index.php?rest_route=\/wp\/v2\/pages\/10\/revisions\/902"}],"wp:attachment":[{"href":"http:\/\/apecicon.net.br\/index.php?rest_route=%2Fwp%2Fv2%2Fmedia&parent=10"}],"curies":[{"name":"wp","href":"https:\/\/api.w.org\/{rel}","templated":true}]}}