{"id":590,"date":"2025-01-07T11:35:58","date_gmt":"2025-01-07T14:35:58","guid":{"rendered":"http:\/\/apecicon.net.br\/?page_id=590"},"modified":"2025-09-02T10:45:22","modified_gmt":"2025-09-02T13:45:22","slug":"aulao-exame-de-suficiencia","status":"publish","type":"page","link":"http:\/\/apecicon.net.br\/?page_id=590","title":{"rendered":"AUL\u00c3O EXAME DE SUFICI\u00caNCIA 2024"},"content":{"rendered":"\n<p>O Aul\u00e3o para o Exame de Sufici\u00eancia da Classe Cont\u00e1bil, visa reunir renomados professores para resolu\u00e7\u00e3o das quest\u00f5es dos exames como aux\u00edlio aos candidatos que necessitam tanto do nosso apoio quanto do nosso incentivo.<\/p>\n\n\n\n<p>Ainda colaborando com o lado social, a inscri\u00e7\u00e3o para participa\u00e7\u00e3o do aul\u00e3o at\u00e9 2024 consta de doa\u00e7\u00e3o de materiais para entidades sem fins lucrativos.<\/p>\n\n\n\n<div id=\"wp-block-themeisle-blocks-slider-5361dc8c\" class=\"wp-block-themeisle-blocks-slider glide\" data-per-view=\"1\" data-gap=\"0\" data-peek=\"0\" data-autoplay=\"true\" data-height=\"500px\" data-hide-arrows=\"false\"><div class=\"glide__track\" data-glide-el=\"track\"><div class=\"glide__slides\"><div class=\"wp-block-themeisle-blocks-slider-item-wrapper glide__slide\" tabindex=\"0\"><figure><img decoding=\"async\" class=\"wp-block-themeisle-blocks-slider-item\" src=\"http:\/\/apecicon.net.br\/wp-content\/uploads\/2025\/01\/Aulao1-7.jpg\" alt=\"\" title=\"\" data-id=\"612\"\/><\/figure><\/div><div class=\"wp-block-themeisle-blocks-slider-item-wrapper glide__slide\" tabindex=\"0\"><figure><img decoding=\"async\" class=\"wp-block-themeisle-blocks-slider-item\" src=\"http:\/\/apecicon.net.br\/wp-content\/uploads\/2025\/01\/Aulao2-7.jpg\" alt=\"\" title=\"\" data-id=\"615\"\/><\/figure><\/div><div class=\"wp-block-themeisle-blocks-slider-item-wrapper glide__slide\" tabindex=\"0\"><figure><img decoding=\"async\" class=\"wp-block-themeisle-blocks-slider-item\" src=\"http:\/\/apecicon.net.br\/wp-content\/uploads\/2025\/01\/Aulao3-7.jpg\" alt=\"\" title=\"\" data-id=\"613\"\/><\/figure><\/div><div class=\"wp-block-themeisle-blocks-slider-item-wrapper glide__slide\" tabindex=\"0\"><figure><img decoding=\"async\" class=\"wp-block-themeisle-blocks-slider-item\" src=\"http:\/\/apecicon.net.br\/wp-content\/uploads\/2025\/01\/Aulao4-7.jpg\" alt=\"\" title=\"\" data-id=\"614\"\/><\/figure><\/div><\/div><div class=\"glide__bullets\" data-glide-el=\"controls[nav]\"><button class=\"glide__bullet\" data-glide-dir=\"=0\"><\/button><button class=\"glide__bullet\" data-glide-dir=\"=1\"><\/button><button class=\"glide__bullet\" data-glide-dir=\"=2\"><\/button><button class=\"glide__bullet\" data-glide-dir=\"=3\"><\/button><\/div><\/div><\/div>\n\n\n\n<p><\/p>\n","protected":false},"excerpt":{"rendered":"<p>O Aul\u00e3o para o Exame de Sufici\u00eancia da Classe Cont\u00e1bil, visa reunir renomados professores para resolu\u00e7\u00e3o das quest\u00f5es dos exames como aux\u00edlio aos candidatos que necessitam tanto do nosso apoio quanto do nosso incentivo. Ainda colaborando com o lado social, a inscri\u00e7\u00e3o para participa\u00e7\u00e3o do aul\u00e3o at\u00e9 2024 consta de doa\u00e7\u00e3o de materiais para entidades&hellip;&nbsp;<a href=\"http:\/\/apecicon.net.br\/?page_id=590\" rel=\"bookmark\"><span class=\"screen-reader-text\">AUL\u00c3O EXAME DE SUFICI\u00caNCIA 2024<\/span><\/a><\/p>\n","protected":false},"author":1,"featured_media":0,"parent":0,"menu_order":0,"comment_status":"closed","ping_status":"closed","template":"","meta":{"neve_meta_sidebar":"","neve_meta_container":"","neve_meta_enable_content_width":"","neve_meta_content_width":0,"neve_meta_title_alignment":"","neve_meta_author_avatar":"","neve_post_elements_order":"","neve_meta_disable_header":"","neve_meta_disable_footer":"","neve_meta_disable_title":"","_themeisle_gutenberg_block_has_review":false,"footnotes":""},"class_list":["post-590","page","type-page","status-publish","hentry"],"_links":{"self":[{"href":"http:\/\/apecicon.net.br\/index.php?rest_route=\/wp\/v2\/pages\/590","targetHints":{"allow":["GET"]}}],"collection":[{"href":"http:\/\/apecicon.net.br\/index.php?rest_route=\/wp\/v2\/pages"}],"about":[{"href":"http:\/\/apecicon.net.br\/index.php?rest_route=\/wp\/v2\/types\/page"}],"author":[{"embeddable":true,"href":"http:\/\/apecicon.net.br\/index.php?rest_route=\/wp\/v2\/users\/1"}],"replies":[{"embeddable":true,"href":"http:\/\/apecicon.net.br\/index.php?rest_route=%2Fwp%2Fv2%2Fcomments&post=590"}],"version-history":[{"count":10,"href":"http:\/\/apecicon.net.br\/index.php?rest_route=\/wp\/v2\/pages\/590\/revisions"}],"predecessor-version":[{"id":934,"href":"http:\/\/apecicon.net.br\/index.php?rest_route=\/wp\/v2\/pages\/590\/revisions\/934"}],"wp:attachment":[{"href":"http:\/\/apecicon.net.br\/index.php?rest_route=%2Fwp%2Fv2%2Fmedia&parent=590"}],"curies":[{"name":"wp","href":"https:\/\/api.w.org\/{rel}","templated":true}]}}